236?
True
Does 8 divide 56324?
False
Is 218748 a multiple of 9?
False
Is 70 a factor of 1657320?
True
Is 21 a factor of 553686?
True
Does 5 divide 494365?
True
Is 29 a factor of 2900993?
False
Does 86 divide 3877482?
True
Does 58 divide 217621?
False
Does 10 divide 59760?
True
Is 40151 a multiple of 14?
False
Is 13 a factor of 826956?
True
Does 9 divide 493022?
False
Is 18 a factor of 122310?
True
Is 276 a factor of 539028?
True
Is 17046 a multiple of 240?
False
Is 2264022 a multiple of 2?
True
Is 33 a factor of 8069788?
False
Is 669 a factor of 5530710?
False
Is 8529 a multiple of 12?
False
Is 36741 a multiple of 37?
True
Is 13 a factor of 71292?
True
Is 161336 a multiple of 8?
True
Is 205 a factor of 74274?
False
Does 171 divide 3163392?
False
Is 2337205 a multiple of 13?
True
Does 18 divide 3263267?
False
Does 102 divide 26928?
True
Is 1069268 a multiple of 5?
False
Is 786 a factor of 5356762?
False
Is 209166 a multiple of 15?
False
Is 41 a factor of 2311252?
True
Is 190320 a multiple of 183?
True
Is 153456 a multiple of 8?
True
Is 47011 a multiple of 53?
True
Is 70596 a multiple of 666?
True
Is 5814000 a multiple of 153?
True
Is 816791 a multiple of 2?
False
Is 1376 a factor of 9455304?
False
Is 639 a factor of 10775521?
False
Does 137 divide 1890611?
False
Is 1184880 a multiple of 6?
True
Does 14 divide 483504?
True
Does 157 divide 129996?
True
Is 19 a factor of 466925?
True
Is 218484 a multiple of 51?
True
Is 11 a factor of 830665?
True
Is 806 a factor of 3477779?
False
Does 387 divide 18799143?
False
Is 17461629 a multiple of 353?
False
Does 226 divide 73902?
True
Is 2678425 a multiple of 7?
False
Is 45749 even?
False
Is 3610 a multiple of 19?
True
Is 829444 a multiple of 299?
False
Is 3200402 a multiple of 19?
False
Is 10 a factor of 131179?
False
Does 57 divide 8474933?
False
Is 12 a factor of 101600?
False
Is 96533 a multiple of 17?
False
Does 33 divide 640202?
False
Does 548 divide 351261?
False
Is 281390 a multiple of 190?
True
Is 2147121 a multiple of 27?
True
Is 6954975 a multiple of 847?
False
Is 25 a factor of 11110875?
True
Is 318404 a multiple of 490?
False
Does 9 divide 63213?
False
Is 101 a factor of 174608?
False
Is 255 a factor of 109650?
True
Does 55 divide 7887330?
True
Is 19 a factor of 2294967?
False
Is 1053770 a multiple of 119?
False
Does 21 divide 1204533?
False
Is 67 a factor of 6885791?
True
Is 23 a factor of 451237?
True
Is 3753473 a multiple of 92?
False
Is 9 a factor of 2071827?
True
Is 6 a factor of 154722?
True
Is 2332384 a multiple of 19?
False
Does 23 divide 606763?
True
Is 4923177 a multiple of 225?
False
Is 8 a factor of 116312?
True
Is 6 a factor of 1197397?
False
Is 149 a factor of 89847?
True
Does 8 divide 1667226?
False
Is 11 a factor of 15633354?
True
Does 1276 divide 1112672?
True
Is 187 a factor of 29546?
True
Is 30 a factor of 3825420?
True
Is 496 a factor of 8852608?
True
Is 302408 a multiple of 412?
True
Does 61 divide 76555?
True
Does 119 divide 192884?
False
Is 90 a factor of 26820?
True
Is 4 a factor of 7260?
True
Is 193 a factor of 316713?
True
Does 18 divide 5210481?
False
Does 41 divide 91846?
False
Does 197 divide 7486394?
True
Is 589 a factor of 443677?
False
Does 597 divide 37051?
False
Is 706053 a multiple of 20?
False
Is 5 a factor of 77655?
True
Is 9 a factor of 1002074?
False
Does 64 divide 90270?
False
Is 444258 a multiple of 54?
True
Is 2522228 a multiple of 122?
True
Does 80 divide 414000?
True
Is 104 a factor of 1104633?
False
Does 72 divide 3281760?
True
Is 9791970 a multiple of 6?
True
Is 35 a factor of 742140?
True
Does 103 divide 964595?
True
Is 123 a factor of 254048?
False
Is 19 a factor of 88331?
True
Is 4308 a multiple of 35?
False
Does 56 divide 180824?
True
Is 1981 a factor of 8420324?
False
Is 65 a factor of 1130220?
True
Is 83200 a multiple of 26?
True
Is 83 a factor of 15100876?
False
Is 67986 a multiple of 49?
False
Is 1006855 a multiple of 5?
True
Is 11 a factor of 367202?
True
Does 14 divide 1174237?
False
Is 86 a factor of 317512?
True
Is 570 a factor of 463980?
True
Is 1073 a factor of 1947612?
False
Is 60 a factor of 304620?
True
Is 44 a factor of 33572?
True
Is 107 a factor of 406545?
False
Does 21 divide 123522?
True
Is 6613 a multiple of 3?
False
Is 10827750 a multiple of 27?
False
Is 20633 even?
False
Is 168531 a multiple of 151?
False
Is 1730763 a multiple of 10?
False
Is 114 a factor of 3891162?
True
Is 527570 a multiple of 1114?
False
Is 130 a factor of 2726620?
True
Is 166861 a multiple of 48?
False
Is 693190 a multiple of 129?
False
Does 3 divide 152028?
True
Does 25 divide 271075?
True
Is 11 a factor of 204974?
True
Is 24 a factor of 741864?
True
Does 95 divide 6330253?
False
Does 4 divide 4704?
True
Is 13 a factor of 17602?
True
Is 40 a factor of 116666?
False
Is 136 a factor of 363121?
False
Is 81 a factor of 2106?
True
Does 128 divide 270976?
True
Does 485 divide 7469337?
False
Is 322177 a multiple of 8?
False
Does 1091 divide 2249642?
True
Does 323 divide 550069?
True
Is 534752 a multiple of 12?
False
Is 52580 a multiple of 20?
True
Does 9 divide 11921130?
True
Does 41 divide 976415?
True
Is 21 a factor of 174447?
True
Is 314592 a multiple of 87?
True
Is 4791528 a multiple of 21?
True
Is 10 a factor of 1131668?
False
Is 316640 a multiple of 172?
False
Is 6 a factor of 6186720?
True
Is 174321 a multiple of 8?
False
Does 4 divide 379637?
False
Does 36 divide 97812?
True
Is 22 a factor of 2490962?
False
Does 24 divide 33312?
True
Is 98038 a multiple of 4?
False
Is 127 a factor of 1932523?
False
Is 1015722 a multiple of 438?
True
Is 58898 a multiple of 27?
False
Does 153 divide 388325?
False
Does 595 divide 384873?
False
Does 270 divide 135810?
True
Is 3622 a multiple of 12?
False
Is 767820 a multiple of 30?
True
Is 16 a factor of 113915?
False
Does 330 divide 476648?
False
Is 2 a factor of 4005799?
False
Does 797 divide 7258628?
False
Is 616352 a multiple of 187?
True
Is 869641 a multiple of 20?
False
Is 2579 a multiple of 11?
False
Is 724459 a multiple of 8?
False
Is 32 a factor of 205226?
False
Is 7 a factor of 471205?
True
Is 1282 a factor of 11011098?
True
Does 172 divide 37485?
False
Is 199466 a multiple of 137?
False
Is 6172929 a multiple of 133?
True
Does 10 divide 322318?
False
Does 186 divide 222270?
True
Is 494245 a multiple of 312?
False
Is 6 a factor of 33654?
True
Is 181904 a multiple of 8?
True
Is 371106 a multiple of 9?
True
Is 1467232 a multiple of 16?
True
Is 3848949 a multiple of 41?
False
Does 37 divide 195789?
False
Is 716775 a multiple of 57?
True
Is 19 a factor of 558790?
True
Does 22 divide 1771502?
False
Is 85004 a multiple of 56?
False
Is 816 a factor of 1436160?
True
Is 6 a factor of 205508?
False
Is 24 a factor of 953415?
False
Does 14 divide 1097600?
True
Is 8 a factor of 218507?
False
Is 2925302 a multiple of 24?
False
Is 27 a factor of 100980?
True
Does 50 divide 12787700?
True
Is 69 a factor of 156699?
True
Is 458676 a multiple of 186?
True
Does 207 divide 4908177?
True
Is 293034 a multiple of 6?
True
Is 87269 a multiple of 121?
False
Is 42625 a multiple of 3?
False
Is 11959 a multiple of 35?
False
Does 10 divide 172500?
True
Does 155 divide 4099595?
True
Is 288340 a multiple of 12?
False
Is 95475 a multiple of 121?
False
Does 11 divide 1777485?
False
Is 426 a factor of 661936?
False
Does 464 divide 35490?
False
Is 10016789 a multiple of 447?
False
Is 35751 a multiple of 14?
False
Is 61495 a multiple of 231?
False
Is 18 a factor of 85932?
True
Is 11900 a multiple of 114?
False
Does 66 divide 362274?
True
Is 19713994 a multiple of 2562?
False
Is 2183607 a multiple of 323?
False
Is 2508074 a multiple of 3?
False
Does 7 divide 365557?
False
Is 5526732 a multiple of 976?
False
Is 927 a factor of 894665?
False
Does 58 divide 4803912?
False
Is 16 a factor of 1537968?
True
Is 745 a factor of 7679986?
False
Does 29 divide 389589?
False
Is 408837 a multiple of 8?
False
Does 250 divide 337700?
False
Is 35 a factor of 2552909?
False
Is 1947040 a multiple of 1376?
True
Is 1680750 a multiple of 135?
True
Is 724 a factor of 137309?
False
Is 171 a factor of 145754?
False
Does 39 divide 1288254?
False
Does 16 divide 141664?
True
Does 31 divide 899313?
False
Is 775372 a multiple of 11?
False
Is 88 a factor of 3735688?
True
Does 1